rime factors of r?
2, 29
Let a = -1164 - 3. Let n = -678 - a. What are the prime factors of n?
3, 163
Let a(h) = -5*h**2 - 32*h + 432. Let w be a(-13). Suppose 4*r = 4*o - 0*o - 12, -3*o = -15. What are the prime factors of 109 - w - (r - -2)?
2, 3, 17
Suppose s = -5*m - 379, 3*s + 3*m + 383 = 2*s. List the prime factors of (-4)/(-1) - 4*(12 + s).
2, 3, 7
Suppose 31*d = 10*d + 1050. Suppose -d - 205 = -l - 4*k, -l + 3*k = -262. List the prime factors of l.
7, 37
Let f be (4*(-51)/18)/(4/6). What are the prime factors of ((-767)/(-26) + f)*(-220)/(-2)?
5, 11
Let u(t) = -17*t + 5. Suppose -3*n - 25 = -8*n, 0 = 2*g + 3*n - 123. Suppose -g*s + 56*s = -16. List the prime factors of u(s).
3, 47
Let z(a) = 5*a + 227. Suppose 22 + 218 = -6*y. List the prime factors of z(y).
3
Suppose -m - 2 = 4*z + 1, 12 = 5*z - 4*m. Let x = z - -7. Suppose -x*k = -5*k - 108. List the prime factors of k.
2, 3
Let f(y) = 100*y**3 - 34*y**2 + 45*y - 435. What are the prime factors of f(8)?
31, 1579
Let v(o) = 64*o**2 - o - 1. Suppose -5*n = -3*a - 98, -2*a + 11 = n - 6. Let u = n - 20. What are the prime factors of v(u)?
2
Let v = 1930 - -921. List the prime factors of v.
2851
Let j = 209 + 17293. What are the prime factors of j?
2, 3, 2917
Suppose -z = -7, 4*z = 6*u + 5*z - 157231. What are the prime factors of u?
2, 6551
Suppose 1346481 = 127*z + 140*z. List the prime factors of z.
3, 41
Suppose -572*l - 5928 = -2*h - 575*l, -4*l = -2*h + 5928. What are the prime factors of h?
2, 3, 13, 19
Let o(k) = -3*k**3 + k + 2. Let v be o(-1). Suppose -5*a + 2*w - 5*w + 636 = 0, w = -v*a + 513. Let s = a - 75. List the prime factors of s.
2, 3
Let k be (240/25)/(3/(-255)*1). Let u = -529 - k. List the prime factors of u.
7, 41
Suppose -3*c + 2*u + 9669 = 0, 27*c - 28*c - 5*u + 3206 = 0. What are the prime factors of c?
3221
Suppose -3*s - 2905 = i - 7*s, 3*i + 5*s + 8732 = 0. Let u = 4381 + i. List the prime factors of u.
2, 23
Let i = 12045 - 7005. What are the prime factors of i/7 + 0 + 2?
2, 19
Let l(o) = 25*o + 5. Let v be l(-4). Let m = -41 - v. What are the prime factors of m?
2, 3
Let i be 2/(-15) - (-128)/60. Let s(u) = -18 + 18 + 12 + 2*u**i + 10*u. List the prime factors of s(-8).
2, 3, 5
Let a be -10*((-1)/2 - 0). Suppose a*g = -5*m + 635, -124 = -m + 2*g - 6*g. What are the prime factors of m?
2
Let a(o) = o + 3. Let q be a(-10). Let x be q - (-10)/30*9*1. List the prime factors of (0 + (-19)/x)*4.
19
Let k = 12405 - -9364. What are the prime factors of k?
11, 1979
Let a be ((-39)/3)/(-2 - (3 - 4)). Let f = 116 + a. List the prime factors of f.
3, 43
Suppose -3421*p + 3432*p = 864204. List the prime factors of p.
2, 3, 6547
Let p be 6/(-8) + 8414/(-56). Let f = -128 - p. Suppose 852 = -17*y + f*y. List the prime factors of y.
2, 71
Let q(i) = -3*i - 22. Let l be q(-8). Suppose l*j = -3*k + 1195, 6*k + j - 1595 = 2*k. Let y = k - 217. What are the prime factors of y?
2, 7, 13
Let x(t) = -9*t**2 - 1089*t + 64. What are the prime factors of x(-117)?
2, 1069
Let v be (206 - -2) + (-4 - -6). Suppose 0 = s - 62 + v. Let g = 207 + s. List the prime factors of g.
59
Let y(l) = 9*l + 286. Let i be y(-32). Let u(k) = 70*k**2 - 6*k - 4. List the prime factors of u(i).
2, 3
Let b = -6 + 6. Suppose b*u = -4*u - 40. What are the prime factors of (-4)/(-10) - 316/u?
2
Let k = 1274 + -819. Suppose -k = -13*z + 12*z. What are the prime factors of z?
5, 7, 13
Let q = 44542 + -29060. What are the prime factors of q?
2, 7741
Let g be (10 + -4)*4/3. Let s(n) = -5*n - g*n**2 + 7*n + 5*n + 2*n + n**3 + 5. What are the prime factors of s(7)?
19
Let f = 55888 + 13368. What are the prime factors of f?
2, 11, 787
Suppose -10*p + 8*p = -6. Suppose 0 = 11*s - p*s. Suppose -3*i + 7*i - 600 = s. List the prime factors of i.
2, 3, 5
Let p(w) = -w**2 - 118*w - 605. What are the prime factors of p(-88)?
5, 11, 37
Let q(c) = -38*c + 7. Let m be q(-1). Suppose 4*k - 8*k + 60 = -a, 3*k = -a + m. What are the prime factors of 2*(111/k)/((-6)/(-15))?
37
Let m = -605 - -608. Suppose -m*o - 19*o + 5874 = 0. List the prime factors of o.
3, 89
Suppose -x + 7*x = 24. Suppose -187 - 61 = -x*r. Suppose -31*h + r = -29*h. List the prime factors of h.
31
What are the prime factors of (15606/21)/(8/(-13 + 69))?
2, 3, 17
Suppose 0 = -0*x + 5*x + 3*n - 25, 60 = 5*x - 4*n. Let a be (56/10)/(58/145). Suppose 0 = x*f - a*f + 1578. List the prime factors of f.
263
Suppose -3*k = 4*m - 0*m - 6, -2*m - 4 = -2*k. Suppose -w + 324 = -m*w. List the prime factors of w.
2, 3
Let y be 4/10 + (-1962)/30. Let n be 1*(55/y - (-4)/(-26)). List the prime factors of 5/(-1 - n - 2/(-8)).
2, 5
List the prime factors of (-4 - 83)*(-3430)/105.
2, 7, 29
Let q be 12/(-5)*(-120)/48. Suppose q*h + 0*h - 522 = 0. What are the prime factors of h?
3, 29
Let t(m) = 571*m + 9663. What are the prime factors of t(-11)?
2, 19, 89
Suppose 2*k = g - 7953, 8*g + 2*k - 52203 - 11475 = 0. List the prime factors of g.
3, 7, 379
Suppose -20*s - 5*k - 44643 = -27*s, 3*s - 3*k = 19131. List the prime factors of s.
6379
Suppose 2*m = m - 2. Let j be 0 + m/((-4)/10). Suppose f + 428 = 4*z, 2*z - j*f - 102 - 94 = 0. What are the prime factors of z?
2, 3
Let r = 42756 + -25344. What are the prime factors of r?
2, 3, 1451
Let r be -1 - ((-39)/52)/((-1)/(-12)). List the prime factors of (-97240)/(-56) - r/(-14).
3, 193
Let a be 0/(-43)*2/4. Suppose 11*r - 496 - 1275 = a. What are the prime factors of r?
7, 23
Let q be 557 + ((-96)/(-4))/(-6). Suppose 0 = 23*k - 4323 - q. List the prime factors of k.
2, 53
List the prime factors of ((-1643230)/(-9))/5 - (-70)/(-315).
2, 3, 17, 179
Suppose 13*y - 3 = 14*y. What are the prime factors of y*1/(5 - (-1016)/(-202))?
101
Let g(o) be the third derivative of o**6/120 - 7*o**5/20 + 17*o**4/24 + 23*o**3/6 + 59*o**2. List the prime factors of g(21).
2, 5, 19
Suppose 3*d - 12*d + 144 = 0. Suppose a - d = -5*k, 16 = 4*k - 0*k + 4*a. Suppose -4*u + 228 = 3*y, -184 = -k*u - 3*y + 4*y. What are the prime factors of u?
2, 3, 5
Let v(o) be the third derivative of -3*o**4/4 + 3*o**3 + 2*o**2 + 10. Let u be 75/(-9) + (-2)/(-6). List the prime factors of v(u).
2, 3
Let n be ((77/22)/(-7))/((-1)/1086). Suppose -n = 7*s - 10*s. What are the prime factors of s?
181
Let p = 39 - 37. Suppose 39*d + p*w = 40*d - 924, 5*d = -2*w + 4596. What are the prime factors of d?
2, 5, 23
Suppose 3*x = 2429 + 361. Let d = x - 651. List the prime factors of d.
3, 31
Suppose -46 = 8*r - 86. Let j be 8/(r + (-204)/40). List the prime factors of (-10)/((-4)/j*-2).
2, 5
Let r(t) = 72*t**2 + 3*t + 18*t - 68 - 69*t**2. What are the prime factors of r(-17)?
2, 13, 17
Suppose 13*m + 2852 = -2413. What are the prime factors of -1 + -2 + (-4 - m - -6)?
2, 101
Let h be -2 + -3*(-8)/12. Let x be h - 2/((-8)/68). Suppose x*w = 14*w + 12. What are the prime factors of w?
2
Let m(w) = -2*w**3 + 178*w**2 - 171*w + 54. What are the prime factors of m(82)?
2, 11, 911
Let l(p) = 177 - 10 + 44 + 3*p. Suppose -2*t - 2*t - 2 = b, -3*b - 6 = -3*t. What are the prime factors of l(t)?
211
Suppose x - 2*o - 5 = 3, 0 = x - o - 13. Suppose -x*m - 2437 + 24577 = 0. List the prime factors of m.
2, 3, 5, 41
What are the prime factors of 6748 - (1/(4/(-6)))/(51/68)?
2, 3, 5
Let p(d) = 397*d - 956. List the prime factors of p(56).
2, 3, 197
Let z be 1/(-4) + 26/8 + -1. Suppose -2*m = -4*q - z - 10, 4*m - 24 = -5*q. Suppose -3*n = m*n - 378. List the prime factors of n.
2, 3, 7
Suppose 5*r = 7794 - 59. What are the prime factors of r?
7, 13, 17
Let g(s) = -s**3 + 66*s**2 - 337*s - 130. What are the prime factors of g(59)?
2, 7, 311
Suppose -3*a - 844 = a. Let k = -102 - a. What are the prime factors of -4*(-12)/16 + k + 0?
2, 7
Suppose -4*y = 5*x + 63, 0 = -17*y + 20*y + 5*x + 41. Let m(v) = -50*v - 214. List the prime factors of m(y).
2, 443
Suppose 23*f = 27*f. Let t(a) = a**2 - 4*a + 24. Let b be t(f). Suppose -b*p + 28*p = 824. What are the prime factors of p?
2, 103
Let n be -6*6/48*-4. Suppose -n*i + 329 = -622. List the prime factors of i.
317
Suppose 198355 = 50*a - 356483 - 664612. What are the prime factors of a?
29
Let u = -26 + 28. Suppose -s - 2*s = -4*v - 13, -v = -u*s + 7. Suppose -a + 0*m - s*m + 59 = 0, -5*a + 2*m = -295. What are the prime factors of a?
59
Let f(w) =